
Let m = 589 + -348. Let u = 127 - m. Let z = -33 - u. What is the tens digit of z?
8
Let u = 210 - 209. Suppose -3*a = 4*i - 1155, 4*i = -u + 13. What is the hundreds digit of a?
3
Suppose -6*r + 430823 = -13933. What is the ten thousands digit of r?
7
Let w(o) = 18*o**2 + 35*o - 9*o**2 + 6 - 40*o. Let q be w(3). Suppose -3*k = -177 - q. What is the units digit of k?
3
Suppose -2060*o = -2058*o - 10. Suppose 3*l = o*x - 4888 + 1061, l = 2*x - 1530. What is the tens digit of x?
6
Suppose 42270 = 72*v - 68*v + 2*k, -v = 2*k - 10566. What is the hundreds digit of v?
5
Suppose 0 = -35*a + 46*a - 18029. Suppose -r = -10*l + 7*l - 1624, -r - 2*l + a = 0. What is the tens digit of r?
3
Let o(d) = d**2 + 9*d + 31. Let z = 282 - 271. What is the tens digit of o(z)?
5
Let t be (-24)/(-120) + (-799)/(-5). Suppose -2*c + t = 6*c. Suppose 12*g = 17*g + c, -115 = -y - g. What is the units digit of y?
9
Suppose 2916 = 2*u - q, -8*q = 2*u - 5*q - 2900. Suppose -3*n + l + 1338 + u = 0, -3*n + 3*l = -2802. What is the hundreds digit of n?
9
Suppose -4*d - 156 = -4*b, -2*d + 71 = 2*b + 3*d. What is the tens digit of (-7 - -15 - 11)/((-2)/b)?
5
Let w = -13093 - -21007. What is the hundreds digit of w?
9
Let z(g) = -41*g + 141. Let d(o) = -3*o**2 - 14*o + 27. Let n be d(-7). What is the tens digit of z(n)?
4
Let f(q) = q**3 - 5*q**2 + 4*q - 6. Let v be f(4). What is the hundreds digit of 324780/480 + v/(-16)?
6
Let a(h) = -13*h**2 - 1122*h - 56. What is the units digit of a(-79)?
9
Let c be (-30)/50 + 167/(-5). Let s = c + 36. Suppose s*i = 3*p - 2*i - 600, -2*i + 1000 = 5*p. What is the hundreds digit of p?
2
Suppose -24*w + 21 = -21*w. Suppose 5*y + 439 = k + w*y, -5*y = -2*k + 842. What is the hundreds digit of k?
4
Let a(d) = 7*d**2 + 513*d + 84. What is the hundreds digit of a(21)?
9
Suppose 0 = 2*d - 4*d + 534. Let i = 1252 - 875. Let s = i - d. What is the units digit of s?
0
Suppose 3*m = 2*m + 5*r - 15, -4*r + 16 = 0. Suppose 0 = -0*g - 2*g - b + 745, 0 = -m*g - 4*b + 1870. What is the hundreds digit of g?
3
Let h = -62 + 54. Let j = 108 - h. Suppose j = 2*r - 382. What is the units digit of r?
9
Let n = -38 + -260. Let g = n - -320. What is the units digit of g?
2
Suppose -3*w - 37656 - 30120 = -3*q, 20*q - 451906 = -2*w. What is the hundreds digit of q?
5
Let j(t) = -9*t**3 - 47*t**2 + 95*t + 193. What is the hundreds digit of j(-19)?
1
Suppose 3*c - 342 = -5*u, 2*u = 7*u - 5*c - 310. Let f = u - 57. Suppose 68 = -f*l + 10*l. What is the tens digit of l?
6
Suppose 2*r = 5*s - 2*s - 26, s = r + 9. Suppose -19 = -s*x + 53. Suppose 5*k - 906 - x = 0. What is the tens digit of k?
8
Let i(r) = -r**3 - 7*r**2 + 8*r + 9. Let j be i(-8). Suppose j = -4*u + 5*c, 2*u = 2*c - 0*c - 2. Suppose u*t - 98 = 174. What is the units digit of t?
8
Suppose -6*q = -8*q. Suppose q = -7*a - 7 - 70. What is the tens digit of (-1164)/a - (-6)/33?
0
What is the hundreds digit of ((5 - 4) + -3)/((-4)/12454)?
2
Suppose 5*c - 32233 = -4*a, -111*c = 5*a - 114*c - 40356. What is the units digit of a?
7
Let d(r) = -25*r - 61 + 16*r + r**3 + 24 + 12*r**2. Let x be 11*(-9)/6*(-6)/(-9). What is the hundreds digit of d(x)?
1
Let r(f) = 2*f**3 + 3*f**2 + f + 3. Let h be r(-3). What is the units digit of 5/((-20)/(-2922)) + h/(-18)?
2
Let h be 93/15 + 1/(-5). Let w(y) = 4*y + 19. Let f be w(h). Suppose 0 = -8*x + 459 - f. What is the units digit of x?
2
Let m be (-20)/((-6)/(-2) + 112/(-37)). Suppose -6*l + m = -4*l. Suppose -18*p + 23*p = l. What is the tens digit of p?
7
Let r = 1240 - 770. Let j = r + -199. What is the units digit of j?
1
Let n(o) = 64*o**2 + 94*o + 25. What is the thousands digit of n(5)?
2
Let o be (-1707)/18 - (4 + (-46)/12). Let h = o - -194. What is the tens digit of h?
9
Let c = 48564 - 24996. What is the tens digit of c?
6
Let p(i) = 17*i**2 - 27*i - 4. Let l be p(12). Let t = l - 1423. Suppose 12*y = 7*y - 2*s + t, 0 = 2*y + 5*s - 262. What is the hundreds digit of y?
1
Let n(a) = -147*a + 61. Let s be n(-3). Let z = -223 + s. What is the units digit of z?
9
Let z(p) = 7*p - 1. Let d be z(15). Let h = d - 96. What is the units digit of h?
8
Let i = -625 - -645. Suppose -i*y = -28*y + 808. What is the units digit of y?
1
Let f = 1252 - 368. Let w = f - 510. What is the tens digit of w?
7
Suppose 0 = -2*j + 9*y - 4*y + 149148, 5*j + y - 372897 = 0. What is the ten thousands digit of j?
7
Let o(v) = 23474*v + 184. What is the ten thousands digit of o(2)?
4
Suppose -69371 = -4*a + g, 10*a + 1936*g - 173424 = 1938*g. What is the units digit of a?
1
What is the units digit of 116960/24 - (8 - 161/21)?
3
Let n(b) = -952*b + 50. Let g be n(-2). Let r = g + -1083. What is the units digit of r?
1
Suppose 53*j - 49*j - 17581 = -a, -a + 5*j = -17653. What is the ten thousands digit of a?
1
Suppose 0 = -5*c - 5*z - 18 - 132, z = c + 26. Let g be 3/2 + -1 + 1274/c. What is the units digit of 10/g - 1516/(-18)?
4
Suppose 0 = -350*u + 1093947 - 195497. What is the tens digit of u?
6
Suppose 13*o = 3*o + 60. Let q be 2/(-10) + 522/10. Suppose o*l + q = 412. What is the tens digit of l?
6
Let f(h) be the third derivative of -71*h**4/24 + 11*h**3/6 - 39*h**2. What is the tens digit of f(-3)?
2
Suppose -7*g = -5*p + 77215, -10819 + 57117 = 3*p + 2*g. What is the thousands digit of p?
5
Let j(o) = o**2 - 8*o - 6. Let d be j(9). Let z(m) = 2*m**2 + 3*m + 1. Let x be z(d). What is the tens digit of 1*((-8)/x + 956/14)?
6
What is the thousands digit of 76552/42*(81/12 - 6)?
1
Let d = 1452 - 1010. Let v be 40/(-220) + 4/((-132)/(-8619)). Let g = d - v. What is the tens digit of g?
8
Suppose -5*r = -3*z - 150353, 134*z - 137*z = r - 30085. What is the hundreds digit of r?
0
Let z(c) = c**3 - 24*c**2 + 36*c + 20. Let u be z(22). Let l be (1 + 6/(-4))/(13/u). Let j = 49 - l. What is the units digit of j?
3
Let f(n) = -n**3 + n**2 - 3*n + 2. Let m be f(1). Let r be (-3)/(-6)*12 - (3 + m). Suppose -d - 231 = -3*q - r*d, d = 3*q - 239. What is the units digit of q?
9
What is the hundreds digit of (4238 - -1) + 95/19?
2
Let u(m) = 1199*m + 27. Let w be u(-1). Let k = 1701 + w. What is the hundreds digit of k?
5
Let r(n) = 5*n**2 + 46*n + 3. Let j be r(-9). Let w(o) = -2*o**3 - 3*o**2 - 7*o - 14. Let b be w(j). Suppose 11*x + 44 = b. What is the units digit of x?
8
Suppose 6*a = -3*p + 5*a + 415, 0 = -2*a - 4. Suppose 26*m - p - 381 = 0. What is the tens digit of m?
2
Let g be 138/16 + (-15)/(-40). Suppose -y = -g + 7. Suppose 0 = 5*h - y*r - 769, 629 = 4*h - r + 4*r. What is the tens digit of h?
5
Let i(w) = -w**2 + 32*w + 36. Let s be i(33). Suppose 0 = -s*a - a + 1272. What is the hundreds digit of a?
3
Let p(w) be the third derivative of w**5/6 + w**4/12 - 7*w**3/6 - 10*w**2. What is the hundreds digit of p(-11)?
1
Suppose -t - 2*t + 9 = 0. Suppose -3*p + 6 = t*c, 4*p + 1 = -c - 0. Suppose 237 = 12*u - c. What is the units digit of u?
0
Let d(j) = 12*j + 2. Let w(u) = -4*u - 10. Let h be w(-4). Let b be 10/h + (-6)/(-18). What is the tens digit of d(b)?
2
Let g be (-6)/14 - -58036*2/28. Let r = g + -2847. What is the thousands digit of r?
1
Let m(i) = 18 + i - 2*i + 69 + 2*i. What is the tens digit of m(-49)?
3
Let d(z) = -6*z**2 - z**3 + 7*z + 16*z**2 + 4 + 6*z. Let m be d(11). Let i = 52 - m. What is the units digit of i?
6
Let s(b) = b**3 + 13*b**2 - 17*b - 16. Let p(g) = -15*g**2 + 2*g - 1. Let f be 9/15 + (-4)/(-10). Let a be p(f). What is the units digit of s(a)?
6
Let h be (0 - -45)*(-26334)/(-95). What is the units digit of 4/10 + 0 - h/(-165)?
6
Let w(l) = 1654*l**3 + l**2 - 2*l + 1. Let z be w(1). Suppose -7*p - 44 = -z. What is the hundreds digit of p?
2
Suppose 12*j - 5*j = 7. Suppose 11 = 5*i - 5*c + j, -2*i + 3*c + 2 = 0. What is the tens digit of ((-7)/i - -2) + (-1596)/(-16)?
0
Let m be (-3 - -65)*(-6)/(36/(-114)). Suppose 5504 + m = 26*i. What is the units digit of i?
7
Let i(d) = 7499*d - 516. What is the hundreds digit of i(7)?
9
Suppose 20 = -4*a, 3*a - 3 = 5*u - 28. Suppose -v + 2*v + 5*z = 8, 0 = u*v + 2*z - 8. Suppose 16 = -f + i + 152, 140 = f + v*i. What is the hundreds digit of f?
1
Let f(m) = 8*m**2 + 25*m + 36. Let a(x) = -2*x**3 - 3*x**2 - 2*x - 1. Let t be a(-2). What is the hundreds digit of f(t)?
6
Let c = 872 - 887. What is the units digit of (-6177)/c 